/(-6)*-1 + r/3. Let f(j) = -j**2 + 7*j - 6. Calculate f(t).
4
Let z(i) = 2*i - i**2 - 2*i + 4. Suppose 6 = -30*c + 32*c. What is z(c)?
-5
Let r(h) = 5*h**2 + h. Let u(z) = -4*z**2 - 2*z. Let f(t) = 5*r(t) + 6*u(t). Let x = 42 + -27. Suppose 4*m = -g + m + x, 5*g - 45 = -5*m. Give f(g).
-6
Let m(d) = d + 6. Let j be ((-16)/(-5))/((-74)/185). Give m(j).
-2
Let k(b) = -2*b + 1. Let o(a) = -a. Let z(q) = k(q) - o(q). Suppose -u - 2 = t, 0 = -u - 3*u + 3*t + 27. Let c be (-5)/7*(-10 + u). Give z(c).
-4
Let q(g) = -2*g + 1. Let y be (-6 - 36/(-4))*10/(-3). Calculate q(y).
21
Let u be 5/(2 - -8)*-4. Let n be u/(-8)*0 + 1. Let m(t) be the first derivative of -3*t**2/2 + 1. Determine m(n).
-3
Let i = -3 + 5. Suppose -7*o + i*o = -35. Let v(g) = o*g - 2 - 2*g**2 - 4*g + 4*g**2 - g**2. Determine v(-3).
-2
Let q(r) = r**3 - 3*r**2 - 4. Let w = 63 + -61. Suppose -5*y - 10 = -3*j - 39, -2 = y + w*j. Determine q(y).
12
Suppose -3*k + 781 = 121. Let v(h) = -3*h**2 - 6*h**2 + 219*h - k*h. Determine v(-1).
-8
Let p(m) = -m**2 - 7*m - 7. Suppose -5*d - 26 + 1 = 0. Let a be p(d). Suppose -9 = -6*c + a. Let u(x) = 2*x**2 + x. What is u(c)?
10
Suppose -3*r = -r - 11*r. Suppose 5*k - a = -2*a + 32, r = 5*a + 15. Let w(m) = -m + 8. What is w(k)?
1
Let h(v) = 20*v - 70. Let s(j) = -10*j + 29. Let i(w) = -2*h(w) - 5*s(w). What is i(5)?
45
Let y(v) = -5*v - 27. Let a(g) = 13*g + 74. Let f(x) = -3*a(x) - 8*y(x). Suppose 4*q = -2*c + 26, 3*c - 6*c + q = -25. What is f(c)?
3
Let w = 8 - 19. Let j(b) = 2*b - 12. Let p(n) = n - 4. Let k(g) = w*p(g) + 4*j(g). Determine k(-3).
5
Let q be 5/4*(-8 + 4). Suppose -b - 4*b - 5*m = -25, -3*m = -4*b - 1. Let f(g) = -3 + 3*g**2 + 2*g + 4*g - 2*g**b - g. Give f(q).
-3
Let s(d) = 3*d**3 + 4*d**2 + d - 2. Let u be s(-1). Let z(o) = 3*o + 2. Determine z(u).
-4
Suppose 18 - 8 = -10*l. Let f = -6 + 8. Let k(t) = -2*t + 9*t**2 + t + t**f. Calculate k(l).
11
Let h(r) = -11790*r + 5898*r + 5890*r + 2. Let s(n) = -n**2 + 6*n + 4. Let i be s(4). Suppose i = 3*p - p. Determine h(p).
-10
Let q(r) = -10*r**2 - 13*r - 15. Let y(b) = 5*b**2 + 6*b + 7. Let j(k) = 6*q(k) + 13*y(k). Let n(a) = -a + 28. Let w be n(30). Give j(w).
21
Let i(p) = 3*p**2 - 16*p - 4. Let k be i(6). Let w(a) = -6*a - 4. Let b(d) = 4*d + 3. Let o(v) = k*b(v) + 5*w(v). Determine o(6).
16
Suppose 6*d - 5*r - 10 = 3*d, d - 6 = -r. Let l(v) = v**3 - 7*v**2 + 4*v + 4. Give l(d).
-26
Let m be (-1)/5 - (-70)/(-25). Let s(l) = 2 + 4*l + 3 - 1. Give s(m).
-8
Let y be (-5)/15 - (-58)/3. Let u = 5 + y. Suppose -5*w + 0*w = -3*p + u, -3 = 3*w + 2*p. Let h(r) = -r**3 - 3*r**2 + 4*r + 3. Calculate h(w).
-9
Let l(w) be the second derivative of -13*w**3/6 - w**2/2 - w. Let f = 9622 + -9621. What is l(f)?
-14
Let q(y) = 44*y**2 + 2*y - 1. Suppose 0 = -143*h + 139*h + 4. Determine q(h).
45
Let s(j) be the third derivative of -j**6/60 - 75*j**2. What is s(1)?
-2
Let s(w) = 13*w**2 + 12 - 9*w + 21*w**2 - 13 + 13 - 33*w**2. Calculate s(7).
-2
Let l = -13 - -7. Let u(m) = -m**2 - 3*m + 11. Give u(l).
-7
Let n(q) = -q**2 - 3*q + 5. Let x(s) = s**3 - 6*s**2 + 4*s + 8. Let y be x(4). Give n(y).
-35
Let q(m) = -m**3 + 5*m**2 - 2*m - 2. Let g = 18 + -15. What is q(g)?
10
Let a(r) = -r**2 + 18*r + 8. Let f be a(14). Let t = f - 28. Suppose -2*d + 6*d = 5*u - t, 4*d + 4*u = 0. Let k(p) = -p**3 - 5*p**2 - 4*p + 3. What is k(d)?
3
Let b(d) = -d**3 + 15*d**2 - 14*d - 19. Let w(y) = -y + 1. Let s(f) = b(f) - w(f). Determine s(14).
-6
Let i(x) = -x + 12. Let h be i(14). Let t = 2 - h. Let m = 4 - t. Let r(k) = k + 6. What is r(m)?
6
Let o = -31 + 25. Let f be 2*3/o - -11. Let u(m) = 8*m**2 - 4*m + f*m**2 - 17*m**2. Give u(5).
5
Let l(z) be the second derivative of -3*z**5/20 - z**4/12 - z**3/6 - z**2/2 + 6*z. Let u be l(-1). Let i(j) = 5*j**2 + 2*j**u - 5*j**2. Calculate i(-2).
8
Let b = -15 + 23. Let z be 3*b/(-20)*5. Let o(r) = r**3 + 7*r**2 + 4*r - 4. Calculate o(z).
8
Let j(l) be the first derivative of 3*l**2 - 3*l - 35. Determine j(-4).
-27
Let c(t) = -8*t**2 + 6 - t**3 + 178*t - 350*t + 178*t. Give c(-8).
-42
Let a(u) = u. Let q(o) = 5*o + 5. Let v(r) = 4*a(r) - q(r). Give v(-7).
2
Let m(q) = -2*q**3 - 7*q**2 + q - 3. Let w(g) = -g**3 - 4*g**2 - 1. Let a(t) = 2*m(t) - 3*w(t). Give a(-4).
21
Let y(n) = 2*n. Let d(c) = c - 1. Let w be d(6). Suppose -24 + 14 = -w*s. Suppose s*j - 7 = -2*j + 5*a, 4*a = -3*j + 13. Give y(j).
6
Let f(h) = -9. Let m(q) = -q - 19. Let o(u) = -9*f(u) + 4*m(u). Give o(-5).
25
Let t(x) be the third derivative of x**5/60 - 3*x**4/8 - 2*x**3 - 6*x**2 + 28. Let k = -11 - -21. Give t(k).
-2
Suppose -4*z = 11 + 5. Let i be (4/(-8))/((-2)/z). Let l(a) = -3*a - 19*a + 14*a. What is l(i)?
8
Let s(b) = 0*b**3 + 91*b**2 + 94*b**2 - 4*b - b**3 - 189*b**2. Let x(q) = -4*q**2 + q. Let v = -3 - -4. Let z be x(v). What is s(z)?
3
Let f(b) = 0*b + 5*b**3 + 4*b - b**2 - 3*b. Suppose -1 = -y + 3. Let n be (-4 + 12/y)*-1. What is f(n)?
5
Suppose -30 = -5*p + 5*z, z + 10 = 2*p + 3*p. Let t(i) = -8 - 2*i**2 - p + i**2. Suppose -70 = -6*q - 70. Determine t(q).
-9
Let x = 15 - 15. Suppose x*u - 3 = 3*v + 3*u, -2*v - 23 = -5*u. Let k(y) = y**3 + 5*y**2 + 3*y - 3. Give k(v).
1
Let f(i) = -i**3 + 7*i**2 - 8*i + 3. Let m be f(5). Suppose 3*b + j + 23 = 0, 5*b - 2*b + m = j. Let a(s) = -s - 8. Determine a(b).
-2
Let s be 2/8 + 94/8. Let d(l) = -3*l**2 + 10 - 42*l + 4*l**2 + 29*l. Let o be d(s). Let g(z) = -z + 1. Determine g(o).
3
Let q(z) = -z**2 + 12*z + 3. Suppose -20*f = -50*f + 360. Calculate q(f).
3
Let r(u) = -u**2 + 2*u + 6. Let q = 256 + -253. Determine r(q).
3
Let q(f) = -f + 2. Let c(u) = u - 2. Let b(d) = d + 14. Let z be b(-9). Let l(m) = z*q(m) + 6*c(m). Give l(-8).
-10
Let r = 25 - 12. Suppose 13*p + 13 = -r. Let g(u) = 2*u**2 + 3*u. Determine g(p).
2
Let r(j) = j**2 + 3*j - 10. Suppose 104 = 13*t + 26. Let x be 6/(t/7)*-1. Calculate r(x).
18
Let w(x) = -x**3 + 4*x**2 + 5*x + 3. Let u(i) = -3*i**3 + 7*i**2 + 9*i + 6. Let n(s) = -2*u(s) + 5*w(s). Calculate n(-5).
-7
Let d(i) be the second derivative of -11*i**4/12 - i**2/2 - 439*i. Let j be -1*1/(2 - 1). Determine d(j).
-12
Let c(x) = -11*x**3 - 10*x**2 + 6*x - 11. Let f(w) = -7*w**3 - 6*w**2 + 4*w - 7. Let a(o) = -5*c(o) + 8*f(o). Give a(3).
-4
Let h(f) = 1. Let m(y) = 2*y - 6. Let k(u) = 6*h(u) - m(u). Give k(2).
8
Let g(r) be the third derivative of r**6/120 - r**4/12 + r**3/2 + 17*r**2 - r. Let b be (-2)/3*3/(-1). Calculate g(b).
7
Let v(n) = -n - 1. Let f = -4 - -5. Let x(d) = 7*d + 5. Let a(z) = -z - 5. Let b be a(-10). Let u(l) = b*v(l) + f*x(l). What is u(2)?
4
Let m(q) be the third derivative of q**7/168 - q**6/360 - q**5/60 - q**4/24 - 5*q**3/3 + 12*q**2. Let v(g) be the first derivative of m(g). Give v(-1).
-5
Let i(j) = j**3 + 5*j**2 + j + 3. Suppose 3*s = -5 - 16. Let v be s - (-1 + -2) - 1. Determine i(v).
-2
Let y(i) = i**2 - 4*i - 5. Let k(b) = -b**2 - 14*b - 41. Let g be k(-5). Determine y(g).
-5
Let n(l) = 2*l + 5*l - 2*l. Let o be n(-1). Let r(d) = 5*d**2 - 3 + 32 - 22 - 4 - 2*d**3 + 3*d**3. Calculate r(o).
3
Let l(g) = 2*g - 5. Suppose -7*r + 3*r - 128 = 0. Let v be r*1 + 2 + -4. Let h be v/(-9) + (-6)/(-27). Calculate l(h).
3
Let q(y) = -50 + 89 + y**2 - 47 - y + 0*y. Suppose x = -3*x + 24. Suppose u = x*u. Give q(u).
-8
Let j(c) = 3*c**3 + 15*c**2 + 40. Let x(f) = 2*f**3 + 10*f**2 + 26. Let p(u) = -5*j(u) + 8*x(u). Give p(-5).
8
Let j(o) = -o + 13. Suppose 10*k = 111 - 41. What is j(k)?
6
Let t be -12*(-1)/3*2. Let a be (1 - 0)/(2/t). Let u(y) = 2. Let p(q) = q + 4. Let i(w) = 2*p(w) - 5*u(w). Calculate i(a).
6
Let t be 27/6*2/3. Suppose -t*k + 7 = 2*p, 2*k + 9 = 4*p + 3*k. Let f(z) = -5*z - 2 + 3*z + 0*z + 0*z. Determine f(p).
-6
Let b = -8 + 12. Let t(j) = 2*j - 6. Let l be t(b). Let d(z) = -4*z**2 - 2 - 6*z**2 + 11*z**l + 5*z - z**3 + 0. Give d(3).
-5
Let q = 4 - 2. Let p = -52 - -43. Let z be p/q - 2/4. Let g(u) = -u**3 - 6*u**2 - 6*u - 2. Calculate g(z).
3
Let g(i) = 3*i**2 - 7*i**2 - 2*i - 1558 + 1559. Let w be 3 + -2 + (-3)/1. What is g(w)?
-11
Let s = 110 - 86. Let a(m) = 1 + s*m**3 - 15*m**3 - 14*m**3. Give a(-1).
6
Let j(k) = 5*k**2 + 4*k + 3. Let f(u) = -21*u**2 - 19*u - 13. Let y(b) = 2*f(b) + 9*j(b). Calculate y(-2).
17
Let v(p) = -p - 6. Let z(t) be the third derivative of 1/60*t**5 + 1/8*t**4 - 10*t**2 +